72 + -1464. Let c = -22 + 33. What is the remainder when p is divided by c?
9
Let k(p) = 14*p**2 - 3*p - 2. Let z(t) = 630*t + 1. Let i be z(-1). What is the remainder when (-16)/88 + i/(-11) is divided by k(-1)?
12
Let o(z) = -z**3 - 2*z**2 - z + 2. Let g be o(-2). Suppose -36 = -g*j + 172. Let x = 84 - j. What is the remainder when 126 is divided by x?
30
Let h be ((-14)/(-6))/((-4)/12). Let q = h + 26. Calculate the remainder when q is divided by 5.
4
Let t = 29 + -21. Suppose -4*k + 12 = -t. What is the remainder when 12 is divided by k?
2
Let z be 12/30 - (-24)/(-10). Calculate the remainder when (-1 - (z + 1)) + 11 is divided by 6.
5
Suppose -25*x = -64*x + 2613. Calculate the remainder when x is divided by 11.
1
Let j = -284 + 370. Calculate the remainder when j is divided by 9.
5
Calculate the remainder when ((-34)/(-6))/((-11)/(-165)) is divided by 25.
10
Suppose -3*g - 2*m + 2 = 0, g - 2*g = 2*m + 2. Suppose -3*j = g*p - 40, 0*j - 56 = -2*p + j. What is the remainder when p is divided by (-32)/(-5)*(-5)/(-2)?
10
Suppose z + 54 = 5*g - 91, -2*z + 3*g - 325 = 0. Let v = -120 - z. Suppose f - v = -f. What is the remainder when 97 is divided by f?
22
Suppose 0 = -3*i + i - 44. Let f be i/(-10) + (-8)/40. Calculate the remainder when 4/f - (-2)/1 is divided by 2.
0
Suppose -4*c + 4*s - 144 = 0, 0 = -0*s - s. Suppose 3*p + 2*f + 231 = 0, -p - f - 77 = f. Let q = c - p. Calculate the remainder when q is divided by 14.
13
Suppose 0 = -0*c - 2*c + 32. What is the remainder when c is divided by 2/(-30)*-3 + (-484)/(-55)?
7
Suppose 4*b - 6 = -o, 3*b = o + 2*o - 3. Let u = -6 + 7. Suppose q + u = -z, -4*z = -3*z + 3. What is the remainder when q is divided by b?
0
Suppose 24 = -3*k + 4*k. Suppose 13*o = 6*o. Suppose -j - 19 + 88 = o. What is the remainder when j is divided by k?
21
Suppose 6*u = 26 - 2. Calculate the remainder when 5 is divided by u.
1
What is the remainder when ((-13)/(-2))/(-13)*-1654 is divided by 18?
17
Suppose -4*x + 246 = 3*d, 4*d = 5*x - 62 - 261. What is the remainder when x is divided by 23?
17
Let t = -544 + 549. Suppose -n + 0*n + 3 = 0. Suppose -c + t = 0, n*j + 46 = c + 470. What is the remainder when j is divided by 36?
35
Let y = -92 - -93. What is the remainder when 133 is divided by (2/y - (3 + 1)) + 36?
31
Let r(m) = -12*m - 42. Let q be r(-16). Suppose 9*l - q = 3*l. What is the remainder when 123 is divided by l?
23
Suppose g - 3 = 30. Let j = 51 - g. Let n(l) = l**3 - l**2 - 2*l + 4. Calculate the remainder when j is divided by n(0).
2
Let d(u) = -u**3 - 10*u**2 - u + 7. Suppose 54 = 2*k - 10. Let x = k - -32. Calculate the remainder when x is divided by d(-10).
13
Suppose 0 = 138*i - 104*i - 15096. What is the remainder when i is divided by 56?
52
Suppose -3*r + 0*r + 117 = -4*i, 4*r = 3*i + 163. Calculate the remainder when r is divided by (9/(-12))/(-1)*20.
13
Suppose -3*q - 1 = -10. Suppose -q*d + 73 + 50 = 0. Let z(h) = 12*h**3 - 2*h**2 + h. What is the remainder when d is divided by z(1)?
8
Calculate the remainder when 308*(6 + 3 + (-175)/20) is divided by 22.
11
Let n(s) = s**3 + 9*s**2 + 10*s. Let w be n(-8). Let a = 46 + w. What is the remainder when 30/9*702/a is divided by 20?
18
Let a(b) = -b**3 + 9*b**2 + 8*b - 10. What is the remainder when a(7) is divided by 49?
46
Suppose -2*x + 4*x = -54. Let t = x + 42. What is the remainder when t is divided by (-465)/(-31) + (6 - 17)?
3
Suppose 26*j - 33 = 23*j. Let d be 40 + (-1 + -2 - -3). Let w = d - 20. Calculate the remainder when w is divided by j.
9
Let p = -1663 + 1773. Calculate the remainder when p is divided by 54.
2
Suppose 8*j + 644 = 31*j. Calculate the remainder when 754 is divided by j.
26
Let q be (1*-4)/(-2*(-3)/(-249)). Suppose 0 = -4*j + 2*l + q, -8*l + 4*l + 175 = 5*j. Calculate the remainder when j is divided by 7.
4
What is the remainder when -1 - 26*(-9 - -7) is divided by 10?
1
Let f = -212 - -223. Calculate the remainder when f is divided by 9.
2
Suppose -61 = -4*f - 21. Suppose 0 = -w + 3*w - 4*y - 30, 5*y = -4*w + 8. Suppose -w = 5*a - 92. Calculate the remainder when a is divided by f.
7
Let q = 434 - 339. What is the remainder when q is divided by 48?
47
Let z(w) = -w**3 - 2*w**2 + 12*w + 12. Let h(n) = n**2 + 7*n + 1. Let i be h(-6). Calculate the remainder when 132 is divided by z(i).
24
Suppose -2*l = 6*w - 7*w - 10, -4 = 2*w. Calculate the remainder when 107 is divided by l.
3
Let m = -9 + 0. Let a = 18 + m. Calculate the remainder when 42 - (-3)/3*2 is divided by a.
8
Let y = -15 - -27. Let h(n) = -3*n + 36. Let u be h(11). What is the remainder when 140/3 + u/(1 + 8) is divided by y?
11
Let w = 6 + -6. Suppose 0 = v + 4*q - 0*q + 5, w = -4*q - 16. Calculate the remainder when v is divided by 3/2*(-16)/(-6).
3
Suppose 13*n - 10*n + z = 116, 0 = -3*n + 4*z + 136. Calculate the remainder when 166 is divided by n.
6
Let z = -37 - -37. Suppose -a + 3 = -z. Calculate the remainder when 12 is divided by a.
0
Let d(h) = -2*h**3 - 22*h**2 - 8*h - 49. Let r(l) = -l**2 - 7*l + 5. What is the remainder when d(-11) is divided by r(-5)?
9
Let v = -67 + 144. Let c(t) = 2*t - 10. Let f be c(5). Let q = 20 - f. What is the remainder when v is divided by q?
17
Let b = -7 + 23. Let h(i) = -4*i**2 - 16*i - 13. Let r be h(-7). Let c = 103 + r. What is the remainder when b is divided by c?
4
Suppose o - 4*z + 105 = 1089, 0 = -4*o + 5*z + 3991. What is the remainder when o is divided by 28?
24
Let b be 19/(-3)*(-12)/4. Let u = b - 4. What is the remainder when u is divided by 4?
3
Suppose 0 = -36*c + 37*c - 28. What is the remainder when c is divided by 16?
12
Suppose 0 = 2*u - 2*c + 6*c - 80, 96 = 2*u - 4*c. Let n = 38 + u. What is the remainder when n is divided by ((-3)/(-8))/(-11 - -1851*7/1176)?
19
What is the remainder when (-931)/(-19) - (8 + -1) is divided by 22?
20
Suppose 0*r - 14*r = -546. Calculate the remainder when 309 is divided by r.
36
Let x(j) = -j**2 - 10*j + 2. Let g(b) = b - 4. Let i be g(-3). What is the remainder when 68 is divided by x(i)?
22
Let p(t) = 11*t**3 + 3*t**2 - 2*t. Let x be p(1). Suppose -x*y + 853 = -35. Calculate the remainder when y is divided by 19.
17
Suppose 0 = -16*a + 48 - 16. Suppose -6*q + a*q = -264. Suppose p - 2*p = -23. Calculate the remainder when q is divided by p.
20
Let l be (2 - 4) + 0 - 7. What is the remainder when 2 is divided by (-35)/(-45) - 2/l?
0
Let f = -38 - -181. Suppose 3*m - 77 = -l, m + 4*m - 2*l = f. Suppose n - 3*n + 214 = 0. What is the remainder when n is divided by m?
26
Let l = -240 - -387. Calculate the remainder when l is divided by 30.
27
Let q = -22 - -27. Suppose -48 = -z + q. What is the remainder when z is divided by 28?
25
Let r = -2104 + 2143. Calculate the remainder when 133 is divided by r.
16
Let z = -6 + -1. Let y(s) be the third derivative of s**6/120 + 2*s**5/15 + s**4/24 + 3*s**3/2 + 336*s**2. Calculate the remainder when y(z) is divided by 13.
12
Suppose 0 = 5*f + 4 - 319. Calculate the remainder when f is divided by 24.
15
Suppose -5*s - 12 = 4*k, -s - k = -3*k - 6. Suppose f + 5*z + 18 = 0, -4*f - f + z - 38 = s. Let n = -6 - f. Calculate the remainder when 6 is divided by n.
0
Let l = -78 + 448. Calculate the remainder when l is divided by 17.
13
Suppose -3*g = -g - 4*b - 258, 3*g + 2*b - 411 = 0. Suppose 0 = 5*w - h - g, 0*w = -4*w + 4*h + 108. Calculate the remainder when w is divided by 6.
3
Let w(g) = g**3 - 10*g**2 + 19*g - 9. What is the remainder when w(9) is divided by 14?
11
Suppose -14 = -3*p - j, -2*p + 4 = p - 4*j. Let t = 9 - p. Suppose -5*f + t*a = -80, -56 = -2*f - 2*f - 4*a. What is the remainder when 43 is divided by f?
13
Suppose 5*p - 10 = -0. Suppose 0 = p*n + v + 2*v - 100, 194 = 4*n + 3*v. What is the remainder when n is divided by 17?
13
Suppose 0 = -4*h + 3 + 5. Let v be -10*7 - 2/h. Let u = -25 - v. What is the remainder when u is divided by 12?
10
Let x(c) = -34*c - 117. What is the remainder when x(-25) is divided by 35?
33
Suppose -17*s = -285 + 13. Suppose 0 = -4*w + 2*w + 12. What is the remainder when s is divided by w?
4
Let w(o) = 4*o + 6. Let r be ((-12)/3)/(-6*2/3). Calculate the remainder when 35 is divided by w(r).
5
Suppose 0 = -966*m + 958*m + 1400. What is the remainder when m is divided by 154?
21
Let s(c